
Let z(j) be the first derivative of j**3/3 - 5*j - 102. Suppose 3*f + 3 = -4*u + 6, 2 = -5*u + 2*f. Determine z(u).
-5
Let l(s) = -6*s**3 - 5*s**2 + 7*s**3 - 5*s + 1321 - 1322. Let m be (-8)/(-10)*(-45)/(-6). Give l(m).
5
Let j be ((-4 - -9) + -336)*(1 - 2). Let u(q) = 4*q - j*q**3 - q + 6*q**2 + 3 - 2*q + 332*q**3. Determine u(-6).
-3
Let k(g) be the first derivative of -2*g**3/3 - 10*g**2 - 15*g - 306. What is k(-10)?
-15
Suppose z = -2*z - 3*z. Let n(k) = k**2 + 2*k - 6. Give n(z).
-6
Let f = -583 + 980. Let y(q) = 3*q + f - 791 + 398. Calculate y(-5).
-11
Let r be (-30)/(1560/182)*(-6)/(-21). Let l(j) = 2 - 10*j + 1 - 4. Determine l(r).
9
Let x(y) = -y**2 - y - 3. Let u = -525 + 525. Determine x(u).
-3
Suppose -33*l + 24*l - 18 = 0. Let w(i) be the third derivative of i**5/30 + i**4/8 + i**3/3 - i**2. What is w(l)?
4
Let f(o) = 105 + 5*o - 216 - o**2 + 117. What is f(5)?
6
Let p(t) = 108 - 5*t + 4*t - 106. Let a(d) be the first derivative of -d**4/4 - 5*d**3/3 + 3*d**2 + 5*d + 1. Let z be a(-6). What is p(z)?
-3
Let j(p) = -p**2 - 4. Let n(f) = -f - 1. Let d(r) = -7*r. Let c(m) = d(m) - 5*n(m). Let x be c(0). Suppose 2*a - a + 1 = 4*k, -x*k + 8 = a. Determine j(a).
-13
Let x(y) = y**3 + 11*y**2 - 13*y - 20. Let t(k) = k**2 - 10*k + 12. Let r be t(6). Give x(r).
-8
Let f(u) = -3*u**2 + 2*u**2 + 49 + 34 - 122 + 51 + 5*u. What is f(7)?
-2
Let p be 88/(-44) - ((-1)/1 - -2). Let v(t) = -t**3 - 2*t**2 + t + 4. Calculate v(p).
10
Let m be 4/10 + 64/(-10). Let l(w) be the first derivative of -2*w**2 - 1/3*w**3 - 16 + 3*w. What is l(m)?
-9
Let v(k) = 4*k - 3. Let l be v(2). Let m(d) be the second derivative of d**5/20 - d**4/3 - d**3/2 - 7*d**2/2 + 2418*d. Give m(l).
3
Suppose -7*g = -3*g. Suppose g = -4*k + k + 6. Let w(u) = 3*u + 0*u**2 + k + u**2 + u**2. Give w(-2).
4
Let h(f) = 0 - 108*f**2 + 5*f**3 + 52*f**2 + 55*f**2 - 4 + 4*f**3 + 4*f. Determine h(1).
8
Let g = 761/60 + -63/5. Let n(u) be the second derivative of -1/20*u**5 + 1/6*u**3 + 0 + 0*u**2 - 5*u - g*u**4. Calculate n(-2).
2
Suppose -3*d + 6 = 5*b, 5*d - 2 = -17. Let q = 6 - b. Let r(u) be the second derivative of u**5/20 - u**4/3 + u**3/2 + u**2 - 2*u. Calculate r(q).
2
Suppose -53*m + 48*m = 20. Let x(h) = h**3 + 2*h**2 - 11*h - 11. Determine x(m).
1
Let h(d) = -9*d + 260. Let c be h(28). Let w(j) = j**2 - 7*j - 4. Determine w(c).
4
Let m(w) = -11*w + 19. Let k be 244/(-28) - -1*(-4)/14. Let l(y) = -5*y + 9. Let b(p) = k*l(p) + 4*m(p). Calculate b(0).
-5
Let l(v) = -6*v + 3. Let r be (1/(-2))/(-4 + 494/124). Let s = 28 - r. Give l(s).
21
Suppose -v + 9 = -4*z, 4*z + 0*v - 4*v = 0. Let p be z/(18/(-2))*24. Let i(r) = -2 - 7*r - 3 + p*r. What is i(7)?
2
Suppose 5*v - w = 3*w + 18, 4*v = 3*w + 14. Let g(h) = -10*h**v - 2 + 16*h**3 - 15*h**3 + 15 + 8*h. Determine g(9).
4
Let o(h) = 5 + 0*h + 0 + 2*h + 1 + 0*h. What is o(5)?
16
Let t(s) be the second derivative of s**3/6 + 15*s**2/2 - 127*s. Let l(r) = -r - 3. Let c be l(-3). Determine t(c).
15
Let t(v) = -v - 2. Let u = 56 + -31. Suppose -5*a - 9 = -34. Suppose a*h + 5 = -u. Give t(h).
4
Let i(f) = -3*f**2 - 6*f + 2. Let a be i(-1). Let q(k) = k**3 - 6*k**2 + 7*k + 1. Determine q(a).
11
Let i be 4 + ((2 + 0)/2 - 0). Suppose 5*b - 15 = 4*h, 5*h + 0*h + 30 = -i*b. Let y(c) = 7*c**2 - 1. Determine y(b).
6
Let n be (13/26)/((-9)/(-6)). Let q(r) be the second derivative of 0*r**2 - r - n*r**3 + 0. Determine q(-3).
6
Let y(r) = -2*r + 3. Let g be y(4). Let f(z) = z**2 - 10*z + 19. Let c be f(8). Let t(b) = 1 + c - 2*b + 4*b - 1. Calculate t(g).
-7
Suppose 3*u + 11 + 7 = 0. Let z(v) be the second derivative of -v**3/6 - 6*v**2 - 5*v. Give z(u).
-6
Let v(w) = 7*w**2 + w - 12*w**2 + 18*w**3 + 6 - 17*w**3. Calculate v(4).
-6
Let o(f) = -20 - 15 + 0*f - f + 31. Let x(g) = g**2 + 6*g + 8. Let i be x(-4). Calculate o(i).
-4
Let n(m) = 15*m**2 - 8*m - 1. Let i(g) = -7*g**2 + 4*g. Let q(x) = -5*i(x) - 2*n(x). What is q(2)?
14
Let m(s) = s**3 - 5*s**2 + 5. Suppose 4 + 4 = 4*j - 2*o, 0 = -2*j + 4*o + 16. Let v be (-1 - j) + (-65)/(-13). Let h be 1/v - (-190)/40. What is m(h)?
5
Let t = -18 + 20. Let r = t - 8. Let q be r/(-4)*(-16)/6. Let b(h) = -h**3 - 4*h**2 - 4*h - 6. Determine b(q).
10
Let g(u) = -u**2 - u + 2. Let d(n) = 5*n**2 + 9*n - 9. Let m(l) = d(l) + 4*g(l). Give m(-6).
5
Suppose -2*g + 20 = g - 2*l, -2*g = -4*l - 24. Suppose 12 = 5*p - 3, -5*o + 2 = g*p. Let k(a) = -3*a - 3. Let m(n) = -1. Let w(c) = k(c) - m(c). Give w(o).
4
Let m(c) = 2*c + 6. Let q(j) = -j**3 - 3*j**2 + 5*j + 5. Let w = 19 + -23. Let i be q(w). Suppose -i = -7*b - 43. What is m(b)?
-6
Let d(k) = -2*k**3 - 12*k**2 + k - 21. Let a(s) = -3*s**3 - 18*s**2 + s - 31. Suppose 0 = -3*m + 4*m - 5. Let v(p) = m*a(p) - 7*d(p). Determine v(-6).
4
Let u(x) = -2*x**3 - 4*x**2 + 6. Let q(p) = -3*p**3 - 9*p**2 + 11. Let m(s) = -3*q(s) + 5*u(s). Determine m(7).
-3
Let o(m) be the first derivative of -m**6/120 - m**5/12 - m**4/6 - 2*m**2 - 32. Let p(i) be the second derivative of o(i). Give p(-3).
-6
Let l = 5 + 1. Let i(d) = 17*d - 55*d**2 + 54*d**2 - 9*d - 7. What is i(l)?
5
Let i(v) = v**2 + 2*v + 1. Suppose 2*t - 7*t + c + 150 = 0, 88 = 3*t - c. Let x(d) = 4*d**2 - d - 3. Let j be x(3). Suppose -t*k = -j*k + 3. Give i(k).
4
Let t(y) = -y**2 - 6*y + 0*y**2 - 5 - 2 + 3. Let o = 68 + -74. Give t(o).
-4
Let w(z) = 2 - 3 - z + 2. Let x(q) = 8*q - 3. Let r(c) = 6*w(c) + x(c). Let i be 1/4 - 22/(-8). Determine r(i).
9
Let b(m) = -m**2 - 7*m + 1. Suppose 0*z = z + 3*h - 39, 5*z - 4*h - 290 = 0. Let l = z + -33. Suppose -3*v - l = 2*k, -v - 1 = 2. What is b(k)?
7
Let g(y) be the second derivative of -y**3/2 + 4*y**2 - 173*y. Give g(10).
-22
Let u(v) be the second derivative of -v**5/20 + 7*v**4/12 - 7*v**3/6 - 7*v**2/2 + 62*v. Give u(6).
-13
Suppose -2*g = 5*w + 2*g + 6, 2*w - 2*g + 6 = 0. Let y(r) = 15*r - 2. Determine y(w).
-32
Let m(k) = -2*k + 4. Let t = -73 + 63. Let d be (-2 - 35/t)*-2. Determine m(d).
10
Let z = -19 + 17. Let q be 2/12 + 33/18. Let w(j) = -q + 3 + j + 2*j + 0*j. What is w(z)?
-5
Let b(t) = -t**3 + 9*t**2 - 6*t - 13. Let l be b(8). Let h(f) = -2 + f + l - 13*f**2 + 20*f**2 + f. What is h(-1)?
6
Let h = 22 - 18. Suppose -h*s + 16 = -6*s. Let y = 2 + s. Let r(g) = g + 4. What is r(y)?
-2
Let k(s) be the first derivative of 7*s**2/2 - 4*s + 496. Determine k(-3).
-25
Let i = 28 + -20. Suppose 2*o - i = -r - 0*r, -r = -2*o + 8. Let g be (0 + o + -5)*-2. Let p(b) = 2*b**2 - 2. What is p(g)?
6
Suppose -28*b + 5 = -27*b. Let z(t) = 3*t**2 - 7*t + 3. Let n(m) = -2*m**2 + 4*m - 2. Let g(o) = b*n(o) + 3*z(o). What is g(0)?
-1
Let d = 0 + 5. Suppose -15 = -d*y + 10*y. Let o(m) = m**3 + 3*m**2 - 3*m - 3. Calculate o(y).
6
Let q(k) be the first derivative of -k**6/120 - k**5/12 + k**4/12 + k**3/2 + 43*k**2/2 - 5. Let t(z) be the second derivative of q(z). Determine t(-3).
-21
Let u(r) = 3*r - 1. Suppose -5*i = 2*f - 11 + 3, 2*f - 3*i = -8. Calculate u(f).
-4
Let y be (1/(-2))/(9/(-288)). Let w(b) = -b**3 + 17*b**2 - 15*b - 12. What is w(y)?
4
Let k(l) = -7*l - 74. Let v(d) = 3*d + 25. Let f(m) = 4*k(m) + 11*v(m). Let g be f(4). Let c(i) = 9*i**3 - i. Determine c(g).
-8
Let n be (-6)/15*5/(-1). Let l(j) = 2*j**n + 4 - j**2 - 5. Let w(b) = b**3 - 8*b**2 - 8*b - 10. Let p be w(9). Give l(p).
0
Let n(m) be the first derivative of m**5/20 + m**4/2 - m**3/6 - 4*m**2 + 17*m - 3. Let r(f) be the first derivative of n(f). Determine r(-6).
-2
Suppose -2*q = -4*s + 78, 3*q = -s + 24 - 15. Let u(l) = 2*l**2 - 35*l - 20. What is u(s)?
-2
Let b(i) = -2*i**3 - 135*i + 6*i**2 + i**3 + 2 + 135*i. Suppose 2*m + 3 = 5*t, 2*m = -m - 4*t + 30. Calculate b(m).
2
Let m(v) = 14*v**3 - 2 - 2*v**2 + 1 - v - 15*v**3. Let x be m(-2). Let p(j) = 5*j - 9*j - x + j. What is p(-2)?
5
Let o(m) = -5*m**2 + 5*m - 11. Let f(h) = -11*h**2 + 8*h - 23. Let r(g) = 4*f(g) - 9*o(g). Calculate r(10).
-23
Let f(l) = l**2 - 9*l. Suppose 19 = 2*x + v, 5*x - 5*v = -7*v + 46. Give f(x).
-8
Let a(q) = -3*q - 1. Let t = -468 + 466. What is a(t)?
5
Let p be 1*1/(3/(-6)). Let s(x) = -5*x**3 - 3*x**2 - 4*x + 1. Let k(y) = -4*y**3 - 2*y**2 - 3*y + 1. Let i(t) = 7*k(t) - 6*s(t). Calculate i(p).
-5
Let v = -334 - -333. Let i(d) = -2*d - 4. Calculate i(v).
-2
Let p(o) be the third derivative of 1/6*o**3 - 1/20*o**5 - 9*o**2 + 0*o**4 + 